{"id":114,"date":"2019-08-19T07:00:03","date_gmt":"2019-08-19T07:00:03","guid":{"rendered":"http:\/\/demo.themewinter.com\/wp\/instive\/?page_id=114"},"modified":"2024-08-01T09:20:41","modified_gmt":"2024-08-01T09:20:41","slug":"valor-da-propina","status":"publish","type":"page","link":"https:\/\/spsc.pt\/curso\/valor-da-propina\/","title":{"rendered":"Valor da propina"},"content":{"rendered":"\t\t<div data-elementor-type=\"wp-post\" data-elementor-id=\"114\" class=\"elementor elementor-114\">\n\t\t\t\t<div class=\"elementor-element elementor-element-ad78405 e-flex e-con-boxed e-con e-parent\" data-id=\"ad78405\" data-element_type=\"container\">\n\t\t\t\t\t<div class=\"e-con-inner\">\n\t\t\t\t<div class=\"elementor-element elementor-element-2d8eee0 elementor-widget elementor-widget-spacer\" data-id=\"2d8eee0\" data-element_type=\"widget\" data-settings=\"{&quot;ekit_we_effect_on&quot;:&quot;none&quot;}\" data-widget_type=\"spacer.default\">\n\t\t\t\t<div class=\"elementor-widget-container\">\n\t\t\t\t\t\t\t<div class=\"elementor-spacer\">\n\t\t\t<div class=\"elementor-spacer-inner\"><\/div>\n\t\t<\/div>\n\t\t\t\t\t\t<\/div>\n\t\t\t\t<\/div>\n\t\t\t\t<div class=\"elementor-element elementor-element-bce8b8a elementor-widget elementor-widget-elementskit-heading\" data-id=\"bce8b8a\" data-element_type=\"widget\" data-settings=\"{&quot;ekit_we_effect_on&quot;:&quot;none&quot;}\" data-widget_type=\"elementskit-heading.default\">\n\t\t\t\t<div class=\"elementor-widget-container\">\n\t\t\t\t\t<div class=\"ekit-wid-con\" ><div class=\"ekit-heading elementskit-section-title-wraper text_center   ekit_heading_tablet-   ekit_heading_mobile-\"><h2 class=\"ekit-heading--title elementskit-section-title \"><strong>Valor da propina<strong><\/h2><div class=\"ekit_heading_separetor_wraper ekit_heading_elementskit-border-divider elementskit-style-long\"><div class=\"elementskit-border-divider elementskit-style-long\"><\/div><\/div><\/div><\/div>\t\t\t\t<\/div>\n\t\t\t\t<\/div>\n\t\t\t\t\t<\/div>\n\t\t\t\t<\/div>\n\t\t\t\t<section class=\"elementor-section elementor-top-section elementor-element elementor-element-0c95feb elementor-section-boxed elementor-section-height-default elementor-section-height-default\" data-id=\"0c95feb\" data-element_type=\"section\">\n\t\t\t\t\t\t<div class=\"elementor-container elementor-column-gap-default\">\n\t\t\t\t\t<div class=\"elementor-column elementor-col-33 elementor-top-column elementor-element elementor-element-d173d8e ts-price\" data-id=\"d173d8e\" data-element_type=\"column\" data-settings=\"{&quot;background_background&quot;:&quot;classic&quot;}\">\n\t\t\t<div class=\"elementor-widget-wrap elementor-element-populated\">\n\t\t\t\t\t\t<div class=\"elementor-element elementor-element-8913a91 elementor-widget elementor-widget-elementskit-pricing\" data-id=\"8913a91\" data-element_type=\"widget\" data-settings=\"{&quot;ekit_we_effect_on&quot;:&quot;none&quot;}\" data-widget_type=\"elementskit-pricing.default\">\n\t\t\t\t<div class=\"elementor-widget-container\">\n\t\t\t\t\t<div class=\"ekit-wid-con\" >\n\n        <div class=\"elementskit-single-pricing \" >\n            <div class=\"elementskit-pricing-header \">\n\t\t\t\t                    <figure class=\"elementor-pricing-img\"><img decoding=\"async\" src=\"http:\/\/demo.themewinter.com\/wp\/instive\/wp-content\/uploads\/2019\/09\/icon-ballon.png\" title=\"\" alt=\"\" loading=\"lazy\" \/><\/figure>                \t\t\t\t\n\t\t\t\t                \t<h3\t\t\t\t\tclass=\" elementskit-pricing-title\">Ramo de Especialidade\t\t\t\t\t<\/h3>\n\t\t\t\t\t\t\t\t                \t<p class=\" elementskit-pricing-subtitle\">Terapia Sexual<\/p>\n\t\t\t\t            <\/div>\n\t\t\t            <div class=\" elementskit-pricing-price-wraper has-tag \">\n                <div class=\"elementskit-pricing-tag\"><\/div>\n                <span class=\"elementskit-pricing-price\">\n\t\t\t\t\t\t\t\t\t\t\t<sup class=\"currency\">\u20ac<\/sup>\n\t\t\t\t\t\t\t\t\t\t<span>1600<\/span>\n\t\t\t\t\t\n\t\t\t\t\t\t\t\t\t<\/span>\n            <\/div>\n\t\t\t            <div class=\"elementskit-pricing-content \">\n\n                                                    <ul class=\"elementskit-pricing-lists\">\n                        \t\t\t\t\t\t\t<li class=\"elementor-repeater-item-1e1cd86\">\n\t\t\t\t\t\t\t\t\t\t\t\t\t\t\t\t\n\t\t\t\t\t\t\t\tP\u00fablico Alvo\t\t\t\t\t\t\t\t\n\t\t\t\t\t\t\t\t\t\t\t\t\t\t\t<\/li>\n                        \t\t\t\t\t\t\t<li class=\"elementor-repeater-item-69508f9\">\n\t\t\t\t\t\t\t\t\t\t\t\t\t\t\t\t\n\t\t\t\t\t\t\t\tDestinados a profissionais da Psicologia e da Medicina (inscritos nas suas ordens profissionais), respetivamente. Os ramos de especialidade visam a obten\u00e7\u00e3o de conhecimentos e pr\u00e1tica cl\u00ednica supervisionada de maior profundidade. \t\t\t\t\t\t\t\t\n\t\t\t\t\t\t\t\t\t\t\t\t\t\t\t<\/li>\n                                            <\/ul>\n                            <\/div>\n            <div class=\"elementskit-pricing-btn-wraper \">\n\t\t\t\t<a href=\"https:\/\/spsc.pt\/curso\/candidaturas-no-curso-2024-2025\/\" class=\"elementskit-pricing-btn  ekit-pricing-btn-icon-pos-right\" >\n\t\t\t\t\tCandidatar-se<i aria-hidden=\"true\" class=\"fasicon icon-arrow-right\"><\/i>\t\t\t\t<\/a>\n            <\/div>\n        <\/div>\n\n    <\/div>\t\t\t\t<\/div>\n\t\t\t\t<\/div>\n\t\t\t\t\t<\/div>\n\t\t<\/div>\n\t\t\t\t<div class=\"elementor-column elementor-col-33 elementor-top-column elementor-element elementor-element-28c321f ts-price popular\" data-id=\"28c321f\" data-element_type=\"column\" data-settings=\"{&quot;background_background&quot;:&quot;classic&quot;}\">\n\t\t\t<div class=\"elementor-widget-wrap elementor-element-populated\">\n\t\t\t\t\t\t<div class=\"elementor-element elementor-element-ffa393c elementor-widget elementor-widget-elementskit-pricing\" data-id=\"ffa393c\" data-element_type=\"widget\" data-settings=\"{&quot;ekit_we_effect_on&quot;:&quot;none&quot;}\" data-widget_type=\"elementskit-pricing.default\">\n\t\t\t\t<div class=\"elementor-widget-container\">\n\t\t\t\t\t<div class=\"ekit-wid-con\" >\n\n        <div class=\"elementskit-single-pricing \" >\n            <div class=\"elementskit-pricing-header \">\n\t\t\t\t                    <figure class=\"elementor-pricing-img\"><img decoding=\"async\" src=\"http:\/\/demo.themewinter.com\/wp\/instive\/wp-content\/uploads\/2019\/09\/paper-plane.png\" title=\"\" alt=\"\" loading=\"lazy\" \/><\/figure>                \t\t\t\t\n\t\t\t\t                \t<h3\t\t\t\t\tclass=\" elementskit-pricing-title\">Tronco Comum\t\t\t\t\t<\/h3>\n\t\t\t\t\t\t\t\t            <\/div>\n\t\t\t            <div class=\" elementskit-pricing-price-wraper has-tag \">\n                <div class=\"elementskit-pricing-tag\"><\/div>\n                <span class=\"elementskit-pricing-price\">\n\t\t\t\t\t\t\t\t\t\t\t<sup class=\"currency\">\u20ac<\/sup>\n\t\t\t\t\t\t\t\t\t\t<span>1200<\/span>\n\t\t\t\t\t\n\t\t\t\t\t\t\t\t\t<\/span>\n            <\/div>\n\t\t\t            <div class=\"elementskit-pricing-content \">\n\n                                                    <ul class=\"elementskit-pricing-lists\">\n                        \t\t\t\t\t\t\t<li class=\"elementor-repeater-item-1e1cd86\">\n\t\t\t\t\t\t\t\t\t\t\t\t\t\t\t\t\n\t\t\t\t\t\t\t\tP\u00fablico Alvo\t\t\t\t\t\t\t\t\n\t\t\t\t\t\t\t\t\t\t\t\t\t\t\t<\/li>\n                        \t\t\t\t\t\t\t<li class=\"elementor-repeater-item-4d26701\">\n\t\t\t\t\t\t\t\t\t\t\t\t\t\t\t\t\n\t\t\t\t\t\t\t\tAberto a profissionais de todas as \u00e1reas cient\u00edficas, com interesse ou necessidade de adquirir e potenciar conhecimentos na \u00e1rea lata da sexualidade humana.\t\t\t\t\t\t\t\t\n\t\t\t\t\t\t\t\t\t\t\t\t\t\t\t<\/li>\n                                            <\/ul>\n                            <\/div>\n            <div class=\"elementskit-pricing-btn-wraper \">\n\t\t\t\t<a href=\"https:\/\/spsc.pt\/curso\/candidaturas-no-curso-2024-2025\/\" class=\"elementskit-pricing-btn  ekit-pricing-btn-icon-pos-right\" >\n\t\t\t\t\tCandidatar-se<i aria-hidden=\"true\" class=\"fasicon icon-arrow-right\"><\/i>\t\t\t\t<\/a>\n            <\/div>\n        <\/div>\n\n    <\/div>\t\t\t\t<\/div>\n\t\t\t\t<\/div>\n\t\t\t\t\t<\/div>\n\t\t<\/div>\n\t\t\t\t<div class=\"elementor-column elementor-col-33 elementor-top-column elementor-element elementor-element-a1048ef ts-price\" data-id=\"a1048ef\" data-element_type=\"column\" data-settings=\"{&quot;background_background&quot;:&quot;classic&quot;}\">\n\t\t\t<div class=\"elementor-widget-wrap elementor-element-populated\">\n\t\t\t\t\t\t<div class=\"elementor-element elementor-element-888d521 elementor-widget elementor-widget-elementskit-pricing\" data-id=\"888d521\" data-element_type=\"widget\" data-settings=\"{&quot;ekit_we_effect_on&quot;:&quot;none&quot;}\" data-widget_type=\"elementskit-pricing.default\">\n\t\t\t\t<div class=\"elementor-widget-container\">\n\t\t\t\t\t<div class=\"ekit-wid-con\" >\n\n        <div class=\"elementskit-single-pricing \" >\n            <div class=\"elementskit-pricing-header \">\n\t\t\t\t                    <figure class=\"elementor-pricing-img\"><img decoding=\"async\" src=\"http:\/\/demo.themewinter.com\/wp\/instive\/wp-content\/uploads\/2019\/09\/icon-rocket.png\" title=\"\" alt=\"\" loading=\"lazy\" \/><\/figure>                \t\t\t\t\n\t\t\t\t                \t<h3\t\t\t\t\tclass=\" elementskit-pricing-title\">Ramo de especialidade\t\t\t\t\t<\/h3>\n\t\t\t\t\t\t\t\t                \t<p class=\" elementskit-pricing-subtitle\">Medicina Sexual<\/p>\n\t\t\t\t            <\/div>\n\t\t\t            <div class=\" elementskit-pricing-price-wraper has-tag \">\n                <div class=\"elementskit-pricing-tag\"><\/div>\n                <span class=\"elementskit-pricing-price\">\n\t\t\t\t\t\t\t\t\t\t\t<sup class=\"currency\">\u20ac<\/sup>\n\t\t\t\t\t\t\t\t\t\t<span>1600<\/span>\n\t\t\t\t\t\n\t\t\t\t\t\t\t\t\t<\/span>\n            <\/div>\n\t\t\t            <div class=\"elementskit-pricing-content \">\n\n                                                    <ul class=\"elementskit-pricing-lists\">\n                        \t\t\t\t\t\t\t<li class=\"elementor-repeater-item-1e1cd86\">\n\t\t\t\t\t\t\t\t\t\t\t\t\t\t\t\t\n\t\t\t\t\t\t\t\tP\u00fablico Alvo\t\t\t\t\t\t\t\t\n\t\t\t\t\t\t\t\t\t\t\t\t\t\t\t<\/li>\n                        \t\t\t\t\t\t\t<li class=\"elementor-repeater-item-b93a065\">\n\t\t\t\t\t\t\t\t\t\t\t\t\t\t\t\t\n\t\t\t\t\t\t\t\tDestinados a profissionais da Psicologia e da Medicina (inscritos nas suas ordens profissionais), respetivamente. Os ramos de especialidade visam a obten\u00e7\u00e3o de conhecimentos e pr\u00e1tica cl\u00ednica supervisionada de maior profundidade. \t\t\t\t\t\t\t\t\n\t\t\t\t\t\t\t\t\t\t\t\t\t\t\t<\/li>\n                                            <\/ul>\n                            <\/div>\n            <div class=\"elementskit-pricing-btn-wraper \">\n\t\t\t\t<a href=\"https:\/\/spsc.pt\/curso\/candidaturas-no-curso-2024-2025\/\" class=\"elementskit-pricing-btn  ekit-pricing-btn-icon-pos-right\" >\n\t\t\t\t\tCandidatar-se<i aria-hidden=\"true\" class=\"fasicon icon-arrow-right\"><\/i>\t\t\t\t<\/a>\n            <\/div>\n        <\/div>\n\n    <\/div>\t\t\t\t<\/div>\n\t\t\t\t<\/div>\n\t\t\t\t\t<\/div>\n\t\t<\/div>\n\t\t\t\t\t<\/div>\n\t\t<\/section>\n\t\t<div class=\"elementor-element elementor-element-85f333e e-flex e-con-boxed e-con e-parent\" data-id=\"85f333e\" data-element_type=\"container\">\n\t\t\t\t\t<div class=\"e-con-inner\">\n\t\t\t\t<div class=\"elementor-element elementor-element-11aa39a elementor-widget elementor-widget-text-editor\" data-id=\"11aa39a\" data-element_type=\"widget\" data-settings=\"{&quot;ekit_we_effect_on&quot;:&quot;none&quot;}\" data-widget_type=\"text-editor.default\">\n\t\t\t\t<div class=\"elementor-widget-container\">\n\t\t\t\t\t\t\t\t\t<p><strong>PROPINAS TRONCO COMUM:<\/strong><\/p><p>Propina: 1200\u20ac<br \/>Modalidade de pagamento: ato \u00fanico ou em cinco tranches (240\u20ac\/cada).<\/p><p>O pagamento em ato \u00fanico beneficia de um desconto de 10% no valor total (Valor final = 1080\u20ac). O pagamento da propina em ato \u00fanico dever\u00e1 ser realizado at\u00e9 10 de setembro.<\/p><p>O pagamento em tranches corresponde ao pagamento de 240\u20ac a cada dois meses. Prazos de pagamento:<\/p><p><br \/>1. 240\u20ac at\u00e9 10 de setembro<br \/>2. 240\u20ac at\u00e9 10 de novembro<br \/>3. 240\u20ac at\u00e9 10 de janeiro<br \/>4. 240\u20ac at\u00e9 10 de mar\u00e7o <br \/>5. 240\u20ac at\u00e9 10 de maio<\/p><p>No caso do pagamento da propina em tranches o secretariado emite a nota de pagamento e o respetivo lembrete a cada dois meses. Caso o pagamento da tranche n\u00e3o seja efetuado dentro do prazo estabelecido, a\/o formanda\/o poder\u00e1 ser exclu\u00eddo\/n\u00e3o ser aceite para avalia\u00e7\u00e3o final. A emiss\u00e3o do certificado de conclus\u00e3o do ciclo formativo \u00e9 dependente do pagamento da\u00a0\u00faltima\u00a0tranche.<\/p>\t\t\t\t\t\t\t\t<\/div>\n\t\t\t\t<\/div>\n\t\t\t\t\t<\/div>\n\t\t\t\t<\/div>\n\t\t\t\t<\/div>\n\t\t","protected":false},"excerpt":{"rendered":"<p>Valor da propina Ramo de Especialidade Terapia Sexual \u20ac 1600 P\u00fablico Alvo Destinados a profissionais da Psicologia e da Medicina (inscritos nas suas ordens profissionais), respetivamente. Os ramos de especialidade visam a obten\u00e7\u00e3o de conhecimentos e pr\u00e1tica cl\u00ednica supervisionada de maior profundidade. Candidatar-se Tronco Comum \u20ac 1200 P\u00fablico Alvo Aberto a profissionais de todas as [&hellip;]<\/p>\n","protected":false},"author":1,"featured_media":0,"parent":0,"menu_order":0,"comment_status":"closed","ping_status":"closed","template":"template\/full-width-template.php","meta":{"footnotes":""},"class_list":["post-114","page","type-page","status-publish","hentry"],"_links":{"self":[{"href":"https:\/\/spsc.pt\/curso\/wp-json\/wp\/v2\/pages\/114","targetHints":{"allow":["GET"]}}],"collection":[{"href":"https:\/\/spsc.pt\/curso\/wp-json\/wp\/v2\/pages"}],"about":[{"href":"https:\/\/spsc.pt\/curso\/wp-json\/wp\/v2\/types\/page"}],"author":[{"embeddable":true,"href":"https:\/\/spsc.pt\/curso\/wp-json\/wp\/v2\/users\/1"}],"replies":[{"embeddable":true,"href":"https:\/\/spsc.pt\/curso\/wp-json\/wp\/v2\/comments?post=114"}],"version-history":[{"count":29,"href":"https:\/\/spsc.pt\/curso\/wp-json\/wp\/v2\/pages\/114\/revisions"}],"predecessor-version":[{"id":8423,"href":"https:\/\/spsc.pt\/curso\/wp-json\/wp\/v2\/pages\/114\/revisions\/8423"}],"wp:attachment":[{"href":"https:\/\/spsc.pt\/curso\/wp-json\/wp\/v2\/media?parent=114"}],"curies":[{"name":"wp","href":"https:\/\/api.w.org\/{rel}","templated":true}]}}