{"id":7916,"date":"2024-02-20T22:29:46","date_gmt":"2024-02-20T22:29:46","guid":{"rendered":"https:\/\/spsc.pt\/curso\/?page_id=7916"},"modified":"2024-02-21T00:03:09","modified_gmt":"2024-02-21T00:03:09","slug":"joana-carvalho","status":"publish","type":"page","link":"https:\/\/spsc.pt\/curso\/joana-carvalho\/","title":{"rendered":"Joana Carvalho"},"content":{"rendered":"\t\t<div data-elementor-type=\"wp-page\" data-elementor-id=\"7916\" class=\"elementor elementor-7916\">\n\t\t\t\t<div class=\"elementor-element elementor-element-b27229f e-flex e-con-boxed e-con e-parent\" data-id=\"b27229f\" data-element_type=\"container\">\n\t\t\t\t\t<div class=\"e-con-inner\">\n\t\t\t\t<div class=\"elementor-element elementor-element-5547abf elementor-widget elementor-widget-spacer\" data-id=\"5547abf\" data-element_type=\"widget\" data-settings=\"{&quot;ekit_we_effect_on&quot;:&quot;none&quot;}\" data-widget_type=\"spacer.default\">\n\t\t\t\t<div class=\"elementor-widget-container\">\n\t\t\t\t\t\t\t<div class=\"elementor-spacer\">\n\t\t\t<div class=\"elementor-spacer-inner\"><\/div>\n\t\t<\/div>\n\t\t\t\t\t\t<\/div>\n\t\t\t\t<\/div>\n\t\t\t\t\t<\/div>\n\t\t\t\t<\/div>\n\t\t<div class=\"elementor-element elementor-element-f1c9263 e-flex e-con-boxed e-con e-parent\" data-id=\"f1c9263\" data-element_type=\"container\">\n\t\t\t\t\t<div class=\"e-con-inner\">\n\t\t<div class=\"elementor-element elementor-element-98a4789 e-con-full e-flex e-con e-child\" data-id=\"98a4789\" data-element_type=\"container\">\n\t\t\t\t<div class=\"elementor-element elementor-element-411aa9f elementor-widget elementor-widget-image\" data-id=\"411aa9f\" data-element_type=\"widget\" data-settings=\"{&quot;ekit_we_effect_on&quot;:&quot;none&quot;}\" data-widget_type=\"image.default\">\n\t\t\t\t<div class=\"elementor-widget-container\">\n\t\t\t\t\t\t\t\t\t\t\t\t\t\t\t<img decoding=\"async\" src=\"https:\/\/spsc.pt\/curso\/wp-content\/uploads\/elementor\/thumbs\/joana-carvakho-r42d1mx8eho66fvfi9fijnk6ke081bsbapbk3vobkg.jpg\" title=\"joana carvakho\" alt=\"joana carvakho\" loading=\"lazy\" \/>\t\t\t\t\t\t\t\t\t\t\t\t\t\t\t<\/div>\n\t\t\t\t<\/div>\n\t\t\t\t<\/div>\n\t\t<div class=\"elementor-element elementor-element-cb65e83 e-con-full e-flex e-con e-child\" data-id=\"cb65e83\" data-element_type=\"container\">\n\t\t\t\t<div class=\"elementor-element elementor-element-0afeeab elementor-widget elementor-widget-text-editor\" data-id=\"0afeeab\" data-element_type=\"widget\" data-settings=\"{&quot;ekit_we_effect_on&quot;:&quot;none&quot;}\" data-widget_type=\"text-editor.default\">\n\t\t\t\t<div class=\"elementor-widget-container\">\n\t\t\t\t\t\t\t\t\t<p>Joana Carvalho \u00e9 doutorada em Psicologia, professora universit\u00e1ria e diretora do Sexual Behavior and Health Lab no Departamento de Educa\u00e7\u00e3o e Psicologia da Universidade de Aveiro, e investigadora integrada no William James Center for Research. Det\u00e9m as especialidades avan\u00e7adas em Sexologia e Psicologia da Justi\u00e7a pela Ordem dos Psic\u00f3logos Portugueses, sendo coordenadora do Comit\u00e9 de Revis\u00e3o Cient\u00edfica da Sociedade Internacional de Medicina Sexual, consultora s\u00e9nior do Comit\u00e9 de Diretrizes Cl\u00ednicas em Sa\u00fade Sexual e Reprodutiva Masculina da Associa\u00e7\u00e3o Europeia de Urologia, e editora associada do Journal of Sexual Medicine. Investiga nas \u00e1reas tem\u00e1ticas da (dis)fun\u00e7\u00e3o sexual, viol\u00eancia sexual, compulsividade sexual, com especial interesse na investiga\u00e7\u00e3o laboratorial acerca da resposta sexual humana <a href=\"https:\/\/www.cienciavitae.pt\/portal\/en\/C418-C0B5-A998\">https:\/\/www.cienciavitae.pt\/portal\/en\/C418-C0B5-A998<\/a>.<\/p>\t\t\t\t\t\t\t\t<\/div>\n\t\t\t\t<\/div>\n\t\t\t\t<\/div>\n\t\t\t\t\t<\/div>\n\t\t\t\t<\/div>\n\t\t\t\t<\/div>\n\t\t","protected":false},"excerpt":{"rendered":"<p>Joana Carvalho \u00e9 doutorada em Psicologia, professora universit\u00e1ria e diretora do Sexual Behavior and Health Lab no Departamento de Educa\u00e7\u00e3o e Psicologia da Universidade de Aveiro, e investigadora integrada no William James Center for Research. Det\u00e9m as especialidades avan\u00e7adas em Sexologia e Psicologia da Justi\u00e7a pela Ordem dos Psic\u00f3logos Portugueses, sendo coordenadora do Comit\u00e9 de [&hellip;]<\/p>\n","protected":false},"author":1,"featured_media":0,"parent":0,"menu_order":0,"comment_status":"closed","ping_status":"closed","template":"template\/full-width-template.php","meta":{"footnotes":""},"class_list":["post-7916","page","type-page","status-publish","hentry"],"_links":{"self":[{"href":"https:\/\/spsc.pt\/curso\/wp-json\/wp\/v2\/pages\/7916","targetHints":{"allow":["GET"]}}],"collection":[{"href":"https:\/\/spsc.pt\/curso\/wp-json\/wp\/v2\/pages"}],"about":[{"href":"https:\/\/spsc.pt\/curso\/wp-json\/wp\/v2\/types\/page"}],"author":[{"embeddable":true,"href":"https:\/\/spsc.pt\/curso\/wp-json\/wp\/v2\/users\/1"}],"replies":[{"embeddable":true,"href":"https:\/\/spsc.pt\/curso\/wp-json\/wp\/v2\/comments?post=7916"}],"version-history":[{"count":5,"href":"https:\/\/spsc.pt\/curso\/wp-json\/wp\/v2\/pages\/7916\/revisions"}],"predecessor-version":[{"id":8086,"href":"https:\/\/spsc.pt\/curso\/wp-json\/wp\/v2\/pages\/7916\/revisions\/8086"}],"wp:attachment":[{"href":"https:\/\/spsc.pt\/curso\/wp-json\/wp\/v2\/media?parent=7916"}],"curies":[{"name":"wp","href":"https:\/\/api.w.org\/{rel}","templated":true}]}}