{"id":7961,"date":"2024-02-20T23:07:31","date_gmt":"2024-02-20T23:07:31","guid":{"rendered":"https:\/\/spsc.pt\/curso\/?page_id=7961"},"modified":"2024-02-21T00:04:18","modified_gmt":"2024-02-21T00:04:18","slug":"pedro-teixeira","status":"publish","type":"page","link":"https:\/\/spsc.pt\/curso\/pedro-teixeira\/","title":{"rendered":"Pedro Teixeira"},"content":{"rendered":"\t\t<div data-elementor-type=\"wp-page\" data-elementor-id=\"7961\" class=\"elementor elementor-7961\">\n\t\t\t\t<div class=\"elementor-element elementor-element-0095fae e-flex e-con-boxed e-con e-parent\" data-id=\"0095fae\" data-element_type=\"container\">\n\t\t\t\t\t<div class=\"e-con-inner\">\n\t\t\t\t<div class=\"elementor-element elementor-element-e8d2214 elementor-widget elementor-widget-spacer\" data-id=\"e8d2214\" data-element_type=\"widget\" data-settings=\"{&quot;ekit_we_effect_on&quot;:&quot;none&quot;}\" data-widget_type=\"spacer.default\">\n\t\t\t\t<div class=\"elementor-widget-container\">\n\t\t\t\t\t\t\t<div class=\"elementor-spacer\">\n\t\t\t<div class=\"elementor-spacer-inner\"><\/div>\n\t\t<\/div>\n\t\t\t\t\t\t<\/div>\n\t\t\t\t<\/div>\n\t\t\t\t\t<\/div>\n\t\t\t\t<\/div>\n\t\t<div class=\"elementor-element elementor-element-b16e1d5 e-flex e-con-boxed e-con e-parent\" data-id=\"b16e1d5\" data-element_type=\"container\">\n\t\t\t\t\t<div class=\"e-con-inner\">\n\t\t<div class=\"elementor-element elementor-element-2124256 e-con-full e-flex e-con e-child\" data-id=\"2124256\" data-element_type=\"container\">\n\t\t\t\t<div class=\"elementor-element elementor-element-19b48cf elementor-widget elementor-widget-image\" data-id=\"19b48cf\" data-element_type=\"widget\" data-settings=\"{&quot;ekit_we_effect_on&quot;:&quot;none&quot;}\" data-widget_type=\"image.default\">\n\t\t\t\t<div class=\"elementor-widget-container\">\n\t\t\t\t\t\t\t\t\t\t\t\t\t\t\t<img decoding=\"async\" src=\"https:\/\/spsc.pt\/curso\/wp-content\/uploads\/elementor\/thumbs\/p2-r42d1mx8eho66fvfi9fijnk6ke081bsbapbk3vobkg.jpg\" title=\"p2\" alt=\"p2\" loading=\"lazy\" \/>\t\t\t\t\t\t\t\t\t\t\t\t\t\t\t<\/div>\n\t\t\t\t<\/div>\n\t\t\t\t<\/div>\n\t\t<div class=\"elementor-element elementor-element-4aff4fe e-con-full e-flex e-con e-child\" data-id=\"4aff4fe\" data-element_type=\"container\">\n\t\t\t\t<div class=\"elementor-element elementor-element-855190f elementor-widget elementor-widget-text-editor\" data-id=\"855190f\" data-element_type=\"widget\" data-settings=\"{&quot;ekit_we_effect_on&quot;:&quot;none&quot;}\" data-widget_type=\"text-editor.default\">\n\t\t\t\t<div class=\"elementor-widget-container\">\n\t\t\t\t\t\t\t\t\t<p><strong>Pedro Teixeira<\/strong><\/p><p>Licenciatura de Medicina no ICBAS na Universidade do Porto.<br \/>Assistente Hospitalar Graduado de Psiquiatria.<br \/>Curso de Diretor de Psicodrama da Sociedade Portuguesa de Psicodrama.<br \/><em>Fellowship <\/em>na Personality Disorders Institute do New York Presbyterian Hospital na Universidade de Cornell.<br \/>Mestrado Internacional em Pol\u00edticas e Servi\u00e7os de Sa\u00fade Mental na Universidade Nova de Lisboa.<br \/>P\u00f3s-Gradua\u00e7\u00e3o em Gest\u00e3o na Sa\u00fade na Cat\u00f3lica Porto Business School.<br \/>Sex\u00f3logo Cl\u00ednico e Terapeuta Sexual pela SPSC, atualmente Vice-Presidente da Sociedade Portuguesa de Sexologia Cl\u00ednica.<br \/>Coordenador da Consulta de Sexologia e Diretor do Servi\u00e7o Local de Sa\u00fade Mental na ULS M\u00e9dio Ave.<\/p>\t\t\t\t\t\t\t\t<\/div>\n\t\t\t\t<\/div>\n\t\t\t\t<\/div>\n\t\t\t\t\t<\/div>\n\t\t\t\t<\/div>\n\t\t\t\t<\/div>\n\t\t","protected":false},"excerpt":{"rendered":"<p>Pedro Teixeira Licenciatura de Medicina no ICBAS na Universidade do Porto. Assistente Hospitalar Graduado de Psiquiatria. Curso de Diretor de Psicodrama da Sociedade Portuguesa de Psicodrama. Fellowship na Personality Disorders Institute do New York Presbyterian Hospital na Universidade de Cornell. Mestrado Internacional em Pol\u00edticas e Servi\u00e7os de Sa\u00fade Mental na Universidade Nova de Lisboa. P\u00f3s-Gradua\u00e7\u00e3o [&hellip;]<\/p>\n","protected":false},"author":1,"featured_media":0,"parent":0,"menu_order":0,"comment_status":"closed","ping_status":"closed","template":"template\/full-width-template.php","meta":{"footnotes":""},"class_list":["post-7961","page","type-page","status-publish","hentry"],"_links":{"self":[{"href":"https:\/\/spsc.pt\/curso\/wp-json\/wp\/v2\/pages\/7961","targetHints":{"allow":["GET"]}}],"collection":[{"href":"https:\/\/spsc.pt\/curso\/wp-json\/wp\/v2\/pages"}],"about":[{"href":"https:\/\/spsc.pt\/curso\/wp-json\/wp\/v2\/types\/page"}],"author":[{"embeddable":true,"href":"https:\/\/spsc.pt\/curso\/wp-json\/wp\/v2\/users\/1"}],"replies":[{"embeddable":true,"href":"https:\/\/spsc.pt\/curso\/wp-json\/wp\/v2\/comments?post=7961"}],"version-history":[{"count":5,"href":"https:\/\/spsc.pt\/curso\/wp-json\/wp\/v2\/pages\/7961\/revisions"}],"predecessor-version":[{"id":8088,"href":"https:\/\/spsc.pt\/curso\/wp-json\/wp\/v2\/pages\/7961\/revisions\/8088"}],"wp:attachment":[{"href":"https:\/\/spsc.pt\/curso\/wp-json\/wp\/v2\/media?parent=7961"}],"curies":[{"name":"wp","href":"https:\/\/api.w.org\/{rel}","templated":true}]}}