{"id":7986,"date":"2024-02-20T23:16:35","date_gmt":"2024-02-20T23:16:35","guid":{"rendered":"https:\/\/spsc.pt\/curso\/?page_id=7986"},"modified":"2024-02-21T00:05:52","modified_gmt":"2024-02-21T00:05:52","slug":"rui-soares","status":"publish","type":"page","link":"https:\/\/spsc.pt\/curso\/rui-soares\/","title":{"rendered":"Rui Soares"},"content":{"rendered":"\t\t<div data-elementor-type=\"wp-page\" data-elementor-id=\"7986\" class=\"elementor elementor-7986\">\n\t\t\t\t<div class=\"elementor-element elementor-element-4b0502e e-flex e-con-boxed e-con e-parent\" data-id=\"4b0502e\" data-element_type=\"container\">\n\t\t\t\t\t<div class=\"e-con-inner\">\n\t\t\t\t<div class=\"elementor-element elementor-element-6e93ca9 elementor-widget elementor-widget-spacer\" data-id=\"6e93ca9\" data-element_type=\"widget\" data-settings=\"{&quot;ekit_we_effect_on&quot;:&quot;none&quot;}\" data-widget_type=\"spacer.default\">\n\t\t\t\t<div class=\"elementor-widget-container\">\n\t\t\t\t\t\t\t<div class=\"elementor-spacer\">\n\t\t\t<div class=\"elementor-spacer-inner\"><\/div>\n\t\t<\/div>\n\t\t\t\t\t\t<\/div>\n\t\t\t\t<\/div>\n\t\t\t\t\t<\/div>\n\t\t\t\t<\/div>\n\t\t<div class=\"elementor-element elementor-element-8036b20 e-flex e-con-boxed e-con e-parent\" data-id=\"8036b20\" data-element_type=\"container\">\n\t\t\t\t\t<div class=\"e-con-inner\">\n\t\t<div class=\"elementor-element elementor-element-c7905e9 e-con-full e-flex e-con e-child\" data-id=\"c7905e9\" data-element_type=\"container\">\n\t\t\t\t<div class=\"elementor-element elementor-element-82a8198 elementor-widget elementor-widget-image\" data-id=\"82a8198\" data-element_type=\"widget\" data-settings=\"{&quot;ekit_we_effect_on&quot;:&quot;none&quot;}\" data-widget_type=\"image.default\">\n\t\t\t\t<div class=\"elementor-widget-container\">\n\t\t\t\t\t\t\t\t\t\t\t\t\t\t\t<img decoding=\"async\" src=\"https:\/\/spsc.pt\/curso\/wp-content\/uploads\/elementor\/thumbs\/P5-r42d1mx8eho66fvfi9fijnk6ke081bsbapbk3vobkg.jpg\" title=\"P5\" alt=\"P5\" loading=\"lazy\" \/>\t\t\t\t\t\t\t\t\t\t\t\t\t\t\t<\/div>\n\t\t\t\t<\/div>\n\t\t\t\t<\/div>\n\t\t<div class=\"elementor-element elementor-element-4400f01 e-con-full e-flex e-con e-child\" data-id=\"4400f01\" data-element_type=\"container\">\n\t\t\t\t<div class=\"elementor-element elementor-element-ab8da2f elementor-widget elementor-widget-text-editor\" data-id=\"ab8da2f\" data-element_type=\"widget\" data-settings=\"{&quot;ekit_we_effect_on&quot;:&quot;none&quot;}\" data-widget_type=\"text-editor.default\">\n\t\t\t\t<div class=\"elementor-widget-container\">\n\t\t\t\t\t\t\t\t\t<p><strong>Rui Soares<\/strong><\/p><p>M\u00e9dico, Assistente Hospitalar no IPO de Coimbra.<br \/>Compet\u00eancia em Sexologia Cl\u00ednica pela Ordem dos M\u00e9dicos.<br \/>Terapeuta Sexual pela SPSC.<br \/>Consultor em Sexologia Cl\u00ednica no Grupo Multidisciplinar em OncoSexologia do IPO Coimbra.<br \/>Assistente Convidado na Faculdade de Medicina da Universidade de Coimbra.<br \/>Vice-Presidente da Sociedade Portuguesa de Sexologia Cl\u00ednica.<\/p>\t\t\t\t\t\t\t\t<\/div>\n\t\t\t\t<\/div>\n\t\t\t\t<\/div>\n\t\t\t\t\t<\/div>\n\t\t\t\t<\/div>\n\t\t\t\t<\/div>\n\t\t","protected":false},"excerpt":{"rendered":"<p>Rui Soares M\u00e9dico, Assistente Hospitalar no IPO de Coimbra. Compet\u00eancia em Sexologia Cl\u00ednica pela Ordem dos M\u00e9dicos. Terapeuta Sexual pela SPSC. Consultor em Sexologia Cl\u00ednica no Grupo Multidisciplinar em OncoSexologia do IPO Coimbra. Assistente Convidado na Faculdade de Medicina da Universidade de Coimbra. Vice-Presidente da Sociedade Portuguesa de Sexologia Cl\u00ednica.<\/p>\n","protected":false},"author":1,"featured_media":0,"parent":0,"menu_order":0,"comment_status":"closed","ping_status":"closed","template":"template\/full-width-template.php","meta":{"footnotes":""},"class_list":["post-7986","page","type-page","status-publish","hentry"],"_links":{"self":[{"href":"https:\/\/spsc.pt\/curso\/wp-json\/wp\/v2\/pages\/7986","targetHints":{"allow":["GET"]}}],"collection":[{"href":"https:\/\/spsc.pt\/curso\/wp-json\/wp\/v2\/pages"}],"about":[{"href":"https:\/\/spsc.pt\/curso\/wp-json\/wp\/v2\/types\/page"}],"author":[{"embeddable":true,"href":"https:\/\/spsc.pt\/curso\/wp-json\/wp\/v2\/users\/1"}],"replies":[{"embeddable":true,"href":"https:\/\/spsc.pt\/curso\/wp-json\/wp\/v2\/comments?post=7986"}],"version-history":[{"count":5,"href":"https:\/\/spsc.pt\/curso\/wp-json\/wp\/v2\/pages\/7986\/revisions"}],"predecessor-version":[{"id":8093,"href":"https:\/\/spsc.pt\/curso\/wp-json\/wp\/v2\/pages\/7986\/revisions\/8093"}],"wp:attachment":[{"href":"https:\/\/spsc.pt\/curso\/wp-json\/wp\/v2\/media?parent=7986"}],"curies":[{"name":"wp","href":"https:\/\/api.w.org\/{rel}","templated":true}]}}