{"id":8196,"date":"2024-02-27T23:27:08","date_gmt":"2024-02-27T23:27:08","guid":{"rendered":"https:\/\/spsc.pt\/curso\/?page_id=8196"},"modified":"2024-02-27T23:29:38","modified_gmt":"2024-02-27T23:29:38","slug":"patricia-m-pascoal","status":"publish","type":"page","link":"https:\/\/spsc.pt\/curso\/patricia-m-pascoal\/","title":{"rendered":"Patr\u00edcia M. Pascoal"},"content":{"rendered":"\t\t<div data-elementor-type=\"wp-page\" data-elementor-id=\"8196\" class=\"elementor elementor-8196\">\n\t\t\t\t<div class=\"elementor-element elementor-element-7639844 e-flex e-con-boxed e-con e-parent\" data-id=\"7639844\" data-element_type=\"container\">\n\t\t\t\t\t<div class=\"e-con-inner\">\n\t\t\t\t<div class=\"elementor-element elementor-element-ec3655d elementor-widget elementor-widget-spacer\" data-id=\"ec3655d\" data-element_type=\"widget\" data-settings=\"{&quot;ekit_we_effect_on&quot;:&quot;none&quot;}\" data-widget_type=\"spacer.default\">\n\t\t\t\t<div class=\"elementor-widget-container\">\n\t\t\t\t\t\t\t<div class=\"elementor-spacer\">\n\t\t\t<div class=\"elementor-spacer-inner\"><\/div>\n\t\t<\/div>\n\t\t\t\t\t\t<\/div>\n\t\t\t\t<\/div>\n\t\t\t\t\t<\/div>\n\t\t\t\t<\/div>\n\t\t<div class=\"elementor-element elementor-element-5a5add6 e-flex e-con-boxed e-con e-parent\" data-id=\"5a5add6\" data-element_type=\"container\">\n\t\t\t\t\t<div class=\"e-con-inner\">\n\t\t<div class=\"elementor-element elementor-element-ce69f90 e-con-full e-flex e-con e-child\" data-id=\"ce69f90\" data-element_type=\"container\">\n\t\t\t\t<div class=\"elementor-element elementor-element-72ace78 elementor-widget elementor-widget-image\" data-id=\"72ace78\" data-element_type=\"widget\" data-settings=\"{&quot;ekit_we_effect_on&quot;:&quot;none&quot;}\" data-widget_type=\"image.default\">\n\t\t\t\t<div class=\"elementor-widget-container\">\n\t\t\t\t\t\t\t\t\t\t\t\t\t\t\t<img decoding=\"async\" src=\"https:\/\/spsc.pt\/curso\/wp-content\/uploads\/elementor\/thumbs\/patricia-r42d1mx8eho66fvfi9fijnk6ke081bsbapbk3vobkg.jpg\" title=\"patricia\" alt=\"patricia\" loading=\"lazy\" \/>\t\t\t\t\t\t\t\t\t\t\t\t\t\t\t<\/div>\n\t\t\t\t<\/div>\n\t\t\t\t<\/div>\n\t\t<div class=\"elementor-element elementor-element-1f3c681 e-con-full e-flex e-con e-child\" data-id=\"1f3c681\" data-element_type=\"container\">\n\t\t\t\t<div class=\"elementor-element elementor-element-574560a elementor-widget elementor-widget-text-editor\" data-id=\"574560a\" data-element_type=\"widget\" data-settings=\"{&quot;ekit_we_effect_on&quot;:&quot;none&quot;}\" data-widget_type=\"text-editor.default\">\n\t\t\t\t<div class=\"elementor-widget-container\">\n\t\t\t\t\t\t\t\t\t<p><span style=\"font-size: large;\"><span lang=\"PT\">Patr\u00edcia M. Pascoal tem doutoramento europeu em Psicologia, \u00e9 professora associada e cocoordenadora do Doutoramento em Psicologia Cl\u00ednica da Universidade Lus\u00f3fona e investigadora integrada no HEILab. <br \/>\u00c9 especialista em Psicologia Cl\u00ednica e da Sa\u00fade pelo Minist\u00e9rio da Sa\u00fade, trabalhou 10 anos a tempo inteiro em sa\u00fade mental e tem as especialidades avan\u00e7adas em Sexologia e Psicoterapia pela Ordem dos Psic\u00f3logos Portugueses. <br \/>\u00c9 membro da dire\u00e7\u00e3o da Federa\u00e7\u00e3o Europeia de Sexologia e sub-Editora-Chefe do Sexual Medicine (Open Access). <br \/>Foi membro da dire\u00e7\u00e3o da Associa\u00e7\u00e3o Mundial de Sa\u00fade Sexual at\u00e9 2022. Investiga em sexologia cl\u00ednica em diversas vertentes: concetualiza\u00e7\u00e3o te\u00f3rica, interven\u00e7\u00e3o cl\u00ednica e desenvolvimento de medidas, considerando a diversidade sexual e a interseccionalidade. <br \/><a href=\"https:\/\/www.cienciavitae.pt\/C01D-3955-9FD8\">https:\/\/www.cienciavitae.pt\/C01D-3955-9FD8<\/a><\/span><\/span><\/p>\t\t\t\t\t\t\t\t<\/div>\n\t\t\t\t<\/div>\n\t\t\t\t<\/div>\n\t\t\t\t\t<\/div>\n\t\t\t\t<\/div>\n\t\t\t\t<\/div>\n\t\t","protected":false},"excerpt":{"rendered":"<p>Patr\u00edcia M. Pascoal tem doutoramento europeu em Psicologia, \u00e9 professora associada e cocoordenadora do Doutoramento em Psicologia Cl\u00ednica da Universidade Lus\u00f3fona e investigadora integrada no HEILab. \u00c9 especialista em Psicologia Cl\u00ednica e da Sa\u00fade pelo Minist\u00e9rio da Sa\u00fade, trabalhou 10 anos a tempo inteiro em sa\u00fade mental e tem as especialidades avan\u00e7adas em Sexologia e [&hellip;]<\/p>\n","protected":false},"author":1,"featured_media":0,"parent":0,"menu_order":0,"comment_status":"closed","ping_status":"closed","template":"template\/full-width-template.php","meta":{"footnotes":""},"class_list":["post-8196","page","type-page","status-publish","hentry"],"_links":{"self":[{"href":"https:\/\/spsc.pt\/curso\/wp-json\/wp\/v2\/pages\/8196","targetHints":{"allow":["GET"]}}],"collection":[{"href":"https:\/\/spsc.pt\/curso\/wp-json\/wp\/v2\/pages"}],"about":[{"href":"https:\/\/spsc.pt\/curso\/wp-json\/wp\/v2\/types\/page"}],"author":[{"embeddable":true,"href":"https:\/\/spsc.pt\/curso\/wp-json\/wp\/v2\/users\/1"}],"replies":[{"embeddable":true,"href":"https:\/\/spsc.pt\/curso\/wp-json\/wp\/v2\/comments?post=8196"}],"version-history":[{"count":4,"href":"https:\/\/spsc.pt\/curso\/wp-json\/wp\/v2\/pages\/8196\/revisions"}],"predecessor-version":[{"id":8202,"href":"https:\/\/spsc.pt\/curso\/wp-json\/wp\/v2\/pages\/8196\/revisions\/8202"}],"wp:attachment":[{"href":"https:\/\/spsc.pt\/curso\/wp-json\/wp\/v2\/media?parent=8196"}],"curies":[{"name":"wp","href":"https:\/\/api.w.org\/{rel}","templated":true}]}}

Patrícia M. Pascoal

<div data-elementor-type="wp-page" data-elementor-id="8196" class="elementor elementor-8196">
				<div class="elementor-element elementor-element-7639844 e-flex e-con-boxed e-con e-parent" data-id="7639844" data-element_type="container">
					<div class="e-con-inner">
				<div class="elementor-element elementor-element-ec3655d elementor-widget elementor-widget-spacer" data-id="ec3655d" data-element_type="widget" data-settings="{&quot;ekit_we_effect_on&quot;:&quot;none&quot;}" data-widget_type="spacer.default">
				<div class="elementor-widget-container">
							<div class="elementor-spacer">
			<div class="elementor-spacer-inner"></div>
		</div>
						</div>
				</div>
					</div>
				</div>
		<div class="elementor-element elementor-element-5a5add6 e-flex e-con-boxed e-con e-parent" data-id="5a5add6" data-element_type="container">
					<div class="e-con-inner">
		<div class="elementor-element elementor-element-ce69f90 e-con-full e-flex e-con e-child" data-id="ce69f90" data-element_type="container">
				<div class="elementor-element elementor-element-72ace78 elementor-widget elementor-widget-image" data-id="72ace78" data-element_type="widget" data-settings="{&quot;ekit_we_effect_on&quot;:&quot;none&quot;}" data-widget_type="image.default">
				<div class="elementor-widget-container">
															<img decoding="async" src="https://spsc.pt/curso/wp-content/uploads/elementor/thumbs/patricia-r42d1mx8eho66fvfi9fijnk6ke081bsbapbk3vobkg.jpg" title="patricia" alt="patricia" loading="lazy" />															</div>
				</div>
				</div>
		<div class="elementor-element elementor-element-1f3c681 e-con-full e-flex e-con e-child" data-id="1f3c681" data-element_type="container">
				<div class="elementor-element elementor-element-574560a elementor-widget elementor-widget-text-editor" data-id="574560a" data-element_type="widget" data-settings="{&quot;ekit_we_effect_on&quot;:&quot;none&quot;}" data-widget_type="text-editor.default">
				<div class="elementor-widget-container">
									<p><span style="font-size: large;"><span lang="PT">Patrícia M. Pascoal tem doutoramento europeu em Psicologia, é professora associada e cocoordenadora do Doutoramento em Psicologia Clínica da Universidade Lusófona e investigadora integrada no HEILab. <br />É especialista em Psicologia Clínica e da Saúde pelo Ministério da Saúde, trabalhou 10 anos a tempo inteiro em saúde mental e tem as especialidades avançadas em Sexologia e Psicoterapia pela Ordem dos Psicólogos Portugueses. <br />É membro da direção da Federação Europeia de Sexologia e sub-Editora-Chefe do Sexual Medicine (Open Access). <br />Foi membro da direção da Associação Mundial de Saúde Sexual até 2022. Investiga em sexologia clínica em diversas vertentes: concetualização teórica, intervenção clínica e desenvolvimento de medidas, considerando a diversidade sexual e a interseccionalidade. <br /><a href="https://www.cienciavitae.pt/C01D-3955-9FD8">https://www.cienciavitae.pt/C01D-3955-9FD8</a></span></span></p>								</div>
				</div>
				</div>
					</div>
				</div>
				</div>

<p>Patrícia M. Pascoal tem doutoramento europeu em Psicologia, é professora associada e cocoordenadora do Doutoramento em Psicologia Clínica da Universidade Lusófona e investigadora integrada no HEILab. É especialista em Psicologia Clínica e da Saúde pelo Ministério da Saúde, trabalhou 10 anos a tempo inteiro em saúde mental e tem as especialidades avançadas em Sexologia e [&hellip;]</p>
