{"id":10319,"date":"2022-06-01T22:19:58","date_gmt":"2022-06-01T22:19:58","guid":{"rendered":"https:\/\/spsc.pt\/?page_id=10319"},"modified":"2022-06-01T22:21:43","modified_gmt":"2022-06-01T22:21:43","slug":"resolucao-de-litigios","status":"publish","type":"page","link":"https:\/\/spsc.pt\/index.php\/resolucao-de-litigios\/","title":{"rendered":"Resolu\u00e7\u00e3o de Lit\u00edgios"},"content":{"rendered":"<div class=\"wpb-content-wrapper\"><p>[vc_row][vc_column][vc_column_text]Em caso de lit\u00edgio de consumo no online, o consumidor pode recorrer a um sistema de resolu\u00e7\u00e3o de lit\u00edgios em \u201clinha\u201d (RLL), a Plataforma ODR (\u201conline dispute resolution\u201d), com compet\u00eancia para resolu\u00e7\u00e3o de lit\u00edgios relativos \u00e0s obriga\u00e7\u00f5es contratuais resultantes de contratos de venda ou de servi\u00e7os online.<\/p>\n<p>Aceda aqui \u00e0 Plataforma Eletr\u00f3nica de Resolu\u00e7\u00e3o Alternativa de Lit\u00edgios nos contratos de venda ou de servi\u00e7os online.<\/p>\n<p>Mais informa\u00e7\u00f5es em Portal do Consumidor (www.consumidor.pt)[\/vc_column_text][vc_zigzag el_border_width=&#8221;10&#8243;][vc_column_text]<b>Centro de Informa\u00e7\u00e3o, Media\u00e7\u00e3o e Arbitragem de Consumo (Tribunal Arbitral de Consumo)<\/b><\/p>\n<table>\n<tbody>\n<tr>\n<td><b>E-mail<\/b><\/td>\n<td><a href=\"mailto:juridico@centroarbitragemlisboa.pt\">juridico@centroarbitragemlisboa.pt<\/a><\/td>\n<\/tr>\n<tr>\n<td><b>Telefone<\/b><\/td>\n<td>(+351) 218 80 70 30<\/td>\n<\/tr>\n<tr>\n<td><b>Fax<\/b><\/td>\n<td>(+351) 218 80 70 38<\/td>\n<\/tr>\n<tr>\n<td><b>Morada<\/b><\/td>\n<td>Rua dos Douradores, n\u00ba 112 &#8211; 2\u00ba<br \/>\n1100 &#8211; 207 Lisboa<\/td>\n<\/tr>\n<tr>\n<td><b>Localiza\u00e7\u00e3o<\/b><\/td>\n<td><a href=\"https:\/\/www.google.com\/maps\/d\/u\/0\/embed?mid=1VqzBwrFnFRF3ILrmYY0gAkiV7rw&amp;ie=UTF8&amp;lr=lang_en%7Clang_fr%7Clang_it%7Clang_pt%7Clang_es&amp;hl=en&amp;om=1&amp;s=AARTsJre90qzlOMeFvxxA0WO1zAWkREnLw&amp;msa=0&amp;ll=38.71240500000003%2C-9.136698000000024&amp;spn=0.00293%2C0.005794&amp;z=17&amp;output=embed\">Ver Mapa<\/a><\/td>\n<\/tr>\n<tr>\n<td><b>Hor\u00e1rio de Atendimento ao P\u00fablico<br \/>\n(por marca\u00e7\u00e3o pr\u00e9via atrav\u00e9s do n\u00ba 218807030)<\/b><\/td>\n<td>De 2\u00aa a 6\u00aa feira das 11H00 \u00e0s 13H00<\/td>\n<\/tr>\n<\/tbody>\n<\/table>\n<p>&nbsp;[\/vc_column_text][\/vc_column][\/vc_row][vc_row][vc_column][vc_zigzag el_border_width=&#8221;10&#8243;][\/vc_column][\/vc_row][vc_row][vc_column][\/vc_column][\/vc_row]<\/p>\n<\/div>","protected":false},"excerpt":{"rendered":"<p>[vc_row][vc_column][vc_column_text]Em caso de lit\u00edgio de consumo no online, o consumidor pode recorrer a um sistema de resolu\u00e7\u00e3o de lit\u00edgios em \u201clinha\u201d (RLL), a Plataforma ODR (\u201conline dispute resolution\u201d), com compet\u00eancia para resolu\u00e7\u00e3o de lit\u00edgios relativos \u00e0s obriga\u00e7\u00f5es contratuais resultantes de contratos de venda ou de servi\u00e7os online. Aceda aqui \u00e0 Plataforma Eletr\u00f3nica de Resolu\u00e7\u00e3o Alternativa [&hellip;]<\/p>\n","protected":false},"author":1,"featured_media":0,"parent":0,"menu_order":0,"comment_status":"closed","ping_status":"closed","template":"","meta":{"footnotes":""},"class_list":["post-10319","page","type-page","status-publish","hentry"],"_links":{"self":[{"href":"https:\/\/spsc.pt\/index.php\/wp-json\/wp\/v2\/pages\/10319","targetHints":{"allow":["GET"]}}],"collection":[{"href":"https:\/\/spsc.pt\/index.php\/wp-json\/wp\/v2\/pages"}],"about":[{"href":"https:\/\/spsc.pt\/index.php\/wp-json\/wp\/v2\/types\/page"}],"author":[{"embeddable":true,"href":"https:\/\/spsc.pt\/index.php\/wp-json\/wp\/v2\/users\/1"}],"replies":[{"embeddable":true,"href":"https:\/\/spsc.pt\/index.php\/wp-json\/wp\/v2\/comments?post=10319"}],"version-history":[{"count":2,"href":"https:\/\/spsc.pt\/index.php\/wp-json\/wp\/v2\/pages\/10319\/revisions"}],"predecessor-version":[{"id":10321,"href":"https:\/\/spsc.pt\/index.php\/wp-json\/wp\/v2\/pages\/10319\/revisions\/10321"}],"wp:attachment":[{"href":"https:\/\/spsc.pt\/index.php\/wp-json\/wp\/v2\/media?parent=10319"}],"curies":[{"name":"wp","href":"https:\/\/api.w.org\/{rel}","templated":true}]}}