{"id":4206,"date":"2016-05-11T15:07:33","date_gmt":"2016-05-11T15:07:33","guid":{"rendered":"http:\/\/spsc.pt\/?page_id=4206"},"modified":"2023-01-02T20:57:56","modified_gmt":"2023-01-02T20:57:56","slug":"1-terapeutas-formados-pela-spsc","status":"publish","type":"page","link":"https:\/\/spsc.pt\/index.php\/1-terapeutas-formados-pela-spsc\/","title":{"rendered":"Terapeutas formados pela SPSC"},"content":{"rendered":"<div class=\"wpb-content-wrapper\"><p>[vc_row][vc_column][vc_empty_space][vc_column_text]<\/p>\n<p style=\"text-align: left;\"><strong><span style=\"color: #aa082d;\">Terapeutas sexuais pioneiros\/Comiss\u00e3o cient\u00edfica fundadora<br \/>\n<\/span><\/strong>Afonso Albuquerque<br \/>\nAndr\u00e9 Catarino<br \/>\nAnt\u00f3nio Pacheco Palha<br \/>\nAnt\u00f3nio Santos Pereira<br \/>\nCatarina Soares<br \/>\nFernanda Mendes<br \/>\nFrancisco Allen Gomes<br \/>\nJ\u00falio Silveira Nunes<br \/>\nJ\u00falio Machado Vaz<br \/>\nJos\u00e9 Teixeira de Sousa<br \/>\nJos\u00e9 Pacheco<br \/>\nM\u00e1rio Louren\u00e7o<br \/>\nMarcelino Mota<br \/>\nSantinho Martins<br \/>\nNuno Monteiro Pereira<\/p>\n<p><span style=\"color: #993300;\"><strong><span style=\"color: #aa082d;\">Equiparados a Terapeutas Sexuais pela Comiss\u00e3o de Ensino<\/span><br \/>\n<\/strong><\/span>Ana Cardoso Allen Gomes<br \/>\nAna Lu\u00edsa Quinta Gomes<br \/>\nAna Maria Moreira Soares<br \/>\nAna Paula Raposo Monteiro Agra<br \/>\nBeatriz Stella Valente Pieronie Calado<br \/>\nC\u00e1tia Oliveira<br \/>\nErika Morbeck<br \/>\nJorge Cardoso<br \/>\nGra\u00e7a Correia de Santos<br \/>\nJo\u00e3o Amilcar Bengala Cardoso Teixeira<br \/>\nJoaquim Manuel Matos Cabe\u00e7as<br \/>\nJorge Manuel Rodrigues<br \/>\nJos\u00e9 Ant\u00f3nio Costa Salgado<br \/>\nL\u00edgia Margarida In\u00e1cio da Fonseca<br \/>\nManuel Ant\u00f3nio Fernandes Esteves<br \/>\nManuel Jo\u00e3o Rodrigues Quartilho<br \/>\nMarcelino Leonardo da Costa Mota<br \/>\nMaria do Ros\u00e1rio Marques Gomes<br \/>\nMaria In\u00eas Abra\u00e3o Castro<br \/>\nMaria Isabel Cristina Pires<br \/>\nMaria Isabel Martins Ribeiro Dias<br \/>\nMaria Manuela Brito da Cruz Esteves<br \/>\nMaria Teresa Serra Burgette<br \/>\nMariana Gomes Serra Lemos<br \/>\nMarta Crawford<br \/>\nSandra Vilarinho<br \/>\nPaulo Alexandre Lorga da Silva<br \/>\nRui Manuel Xavier Vieira<br \/>\nSerafim Armindo de Dias Carvalho<br \/>\nZ\u00e9lia Maria Figueiredo<\/p>\n<p style=\"text-align: left;\"><strong><span style=\"color: #aa082d;\">I Curso<br \/>\n<\/span><\/strong>Ana Alexandra Carvalheira Santos<br \/>\nAnt\u00f3nio Jos\u00e9 Ribeiro Canh\u00e3o<br \/>\nBeatriz Judite Silva Sousa<br \/>\nDulce Cristina Ramos<br \/>\nIlda Maria Murta<br \/>\nIsabel Margarida Mota Vieira<br \/>\nJorge Manuel Guimar\u00e3es Quinta<br \/>\nJos\u00e9 Fernando Oliveira Bastos<br \/>\nManuel Trindade Marques Pinto<br \/>\nMaria do Carmo Rosa Cruz<br \/>\nMaria Concei\u00e7\u00e3o Teles Viterbo<br \/>\nMaria F\u00e1tima Baptista Lopes Santos<br \/>\nMaria Helena Barros Leite<br \/>\nPaula Maria Trindade<br \/>\nVasco Manuel Prazeres<\/p>\n<p style=\"text-align: left;\"><strong><span style=\"color: #aa082d;\">II Curso<br \/>\n<\/span><\/strong>Alexandra Isabel Loureiro<br \/>\nAna Cristina Delgado Nave<br \/>\nCristina Margarida Frutuoso<br \/>\nJos\u00e9 Manuel Silva Ribeiro<br \/>\nPatr\u00edcia Magda Pascoal<br \/>\nPaula Cristina Castilho<br \/>\nPaula Manuela Pinto<br \/>\nS\u00edlvia Maria Rocha Ribeiro<br \/>\nTeresa Maria Rebelo<\/p>\n<p style=\"text-align: left;\"><strong><span style=\"color: #aa082d;\">III Curso<br \/>\n<\/span><\/strong>Ana Cristina Pablo<br \/>\nCarla Ferraz Pina<br \/>\nElena Martinez<br \/>\nMaria Neto Leit\u00e3o<br \/>\nManuela Moura<br \/>\nM\u00e1rcia Brilhante<br \/>\nPedro Pechorro<br \/>\nSandra Neves dos Santos<\/p>\n<p style=\"text-align: left;\"><strong><span style=\"color: #aa082d;\">IV Curso<br \/>\n<\/span><\/strong>Ana Filipa Beato<br \/>\nCarla C\u00e2mara<br \/>\nCeleste Peixoto<br \/>\nJacqueline Ribeiro<br \/>\nJoana Almeida<br \/>\nLu\u00edsa Gama<br \/>\nMarco Ruans<br \/>\nMaria Maceiras<br \/>\nM\u00f3nica Rodrigues<br \/>\nSusana Lucas<br \/>\nSusana Samico<\/p>\n<p style=\"text-align: left;\"><strong><span style=\"color: #aa082d;\">V Curso<br \/>\n<\/span><\/strong>Am\u00e9rico Salema<br \/>\nAnabela Gabirro<br \/>\nCarla Rodrigues<br \/>\nFernando Mesquita<br \/>\nGilberta Sousa<br \/>\nH\u00e9lder Louren\u00e7o<br \/>\nHelena Pinheiro<br \/>\nLeticia Abreu<br \/>\nLet\u00edcia Martins<br \/>\nLigia Cat\u00e3o<br \/>\nL\u00edgia Ferros<br \/>\nManuela Madeira<br \/>\nMarta Fernandes<br \/>\nRegina Carvalho<br \/>\nRosa Costa<br \/>\nS\u00f3nia Ara\u00fajo<br \/>\nVera Carnapete<\/p>\n<p><strong><span style=\"color: #aa082d;\">VI Curso<br \/>\n<\/span><\/strong>Ana Paula Saraiva Galante<br \/>\nAna Rita Lobato de Santana Godinho<br \/>\nAna Rita Neto Torres<br \/>\nCarla Sofia Sanches Silva<br \/>\nCristina Sarmento Pontes Martins<br \/>\nDiana de Sousa Vasconcelos Dur\u00e3es<br \/>\nIn\u00eas Santos De Matos Ferraz<br \/>\nIrina Gorgal Rodrigues De Carvalho<br \/>\nIsabel Santos Ramos<br \/>\nJoana Lima Silva<br \/>\nJoana Moreira Bairrada Tom\u00e1s Florindo<br \/>\nJoana Mota Le\u00e3o da Silva Amaral<br \/>\nJo\u00e3o Miguel Malhadas Martins<br \/>\nJos\u00e9 Pedro Novais de Carvalho Dias Teixeira<br \/>\nLeonor Baptista de Oliveira<br \/>\nMaria Manuela Gon\u00e7alves Sousa Peixoto<br \/>\nPaula Cristina Norinho De Oliveira<br \/>\nRui Manuel da Costa Soares<br \/>\nS\u00edlvia Maria Silvestre Duarte<br \/>\nSofia Cerqueira Costa<\/p>\n<p><span style=\"color: #993300;\"><strong>VII Curso<\/strong><\/span><br \/>\nAnt\u00f3nia do Carmo Brasileiro Andrade<br \/>\nCarla Mafalda de Castro Ferreira Martins do Rio<br \/>\nJoana Filipa Raposo Pires Barreira Gomes<br \/>\nJos\u00e9 Olimpio Caixinha Belicha<br \/>\nJuliana da Silva Nunes<br \/>\nM\u00f3nica Sofia Cabaceira Cirne Grais<br \/>\nM\u00f3nica Patr\u00edcia Subtil Costa e Silva<br \/>\nMaria Piedade Nunes Paredes Le\u00e3o<br \/>\nRui Ferreira Carvalho<br \/>\nSara Magano Oliveira<br \/>\nSofia Margarida Perienes Franco<br \/>\nSusana Maria Fernandes da Silva Albuquerque Neiva<\/p>\n<p style=\"text-align: left;\">\n<p>[\/vc_column_text][\/vc_column][\/vc_row][vc_row][vc_column][\/vc_column][\/vc_row]<\/p>\n<\/div>","protected":false},"excerpt":{"rendered":"<p>[vc_row][vc_column][vc_empty_space][vc_column_text] Terapeutas sexuais pioneiros\/Comiss\u00e3o cient\u00edfica fundadora Afonso Albuquerque Andr\u00e9 Catarino Ant\u00f3nio Pacheco Palha Ant\u00f3nio Santos Pereira Catarina Soares Fernanda Mendes Francisco Allen Gomes J\u00falio Silveira Nunes J\u00falio Machado Vaz Jos\u00e9 Teixeira de Sousa Jos\u00e9 Pacheco M\u00e1rio Louren\u00e7o Marcelino Mota Santinho Martins Nuno Monteiro Pereira Equiparados a Terapeutas Sexuais pela Comiss\u00e3o de Ensino Ana Cardoso Allen [&hellip;]<\/p>\n","protected":false},"author":1,"featured_media":0,"parent":0,"menu_order":0,"comment_status":"closed","ping_status":"open","template":"","meta":{"footnotes":""},"class_list":["post-4206","page","type-page","status-publish","hentry"],"_links":{"self":[{"href":"https:\/\/spsc.pt\/index.php\/wp-json\/wp\/v2\/pages\/4206","targetHints":{"allow":["GET"]}}],"collection":[{"href":"https:\/\/spsc.pt\/index.php\/wp-json\/wp\/v2\/pages"}],"about":[{"href":"https:\/\/spsc.pt\/index.php\/wp-json\/wp\/v2\/types\/page"}],"author":[{"embeddable":true,"href":"https:\/\/spsc.pt\/index.php\/wp-json\/wp\/v2\/users\/1"}],"replies":[{"embeddable":true,"href":"https:\/\/spsc.pt\/index.php\/wp-json\/wp\/v2\/comments?post=4206"}],"version-history":[{"count":19,"href":"https:\/\/spsc.pt\/index.php\/wp-json\/wp\/v2\/pages\/4206\/revisions"}],"predecessor-version":[{"id":10445,"href":"https:\/\/spsc.pt\/index.php\/wp-json\/wp\/v2\/pages\/4206\/revisions\/10445"}],"wp:attachment":[{"href":"https:\/\/spsc.pt\/index.php\/wp-json\/wp\/v2\/media?parent=4206"}],"curies":[{"name":"wp","href":"https:\/\/api.w.org\/{rel}","templated":true}]}}