{"id":5082,"date":"2016-08-02T16:08:23","date_gmt":"2016-08-02T16:08:23","guid":{"rendered":"http:\/\/spsc.pt\/?page_id=5082"},"modified":"2019-03-20T00:46:31","modified_gmt":"2019-03-20T00:46:31","slug":"livro-sexologia-perspectiva-multidisciplinar","status":"publish","type":"page","link":"https:\/\/spsc.pt\/index.php\/livro-sexologia-perspectiva-multidisciplinar\/","title":{"rendered":"&#8220;A Sexologia &#8211; Perspectiva Multidisciplinar&#8221;, uma segunda edi\u00e7\u00e3o 16 anos depois"},"content":{"rendered":"<div class=\"wpb-content-wrapper\"><p>[vc_row][vc_column width=&#8221;1\/2&#8243;][vc_single_image image=&#8221;9081&#8243; img_size=&#8221;full&#8221;][\/vc_column][vc_column width=&#8221;1\/2&#8243;][vc_column_text]A Sociedade Portuguesa de Sexologia Cl\u00ednica publicou no ano de 2003, a obra <em>A Sexologia \u2013 Perspectiva Multidisciplinar<\/em>, dois volumes coordenados por L\u00edgia Fonseca, Catarina Soares e J\u00falio Machado Vaz, que renovam a inten\u00e7\u00e3o da primeira edi\u00e7\u00e3o de <em>Sexologia em Portugal<\/em>, ou seja, a de pensar a sexualidade na sua dimens\u00e3o cl\u00ednica, social e cultural. Na descri\u00e7\u00e3o do livro compara-se a sexualidade a um vitral, e a sexologia a um porto de chegada de v\u00e1rios olhares, multidisciplinares:<\/p>\n<p><em>A Sexologia n\u00e3o \u00e9 uma disciplina com metodologia pr\u00f3pria, muito menos uma sub-especialidade da Medicina. N\u00e3o; ela faz lembrar uma obra de arte colectiva, que ao mesmo tempo abriga o rigor cient\u00edfico e a intui\u00e7\u00e3o de gente muito diversa. Estes volumes seguem tal princ\u00edpio: os autores prov\u00eam de v\u00e1rios ramos do conhecimento.<\/em><\/p>\n<p>No Volume 1 pensam-se as coordenadas da sexologia cl\u00ednica, as disfun\u00e7\u00f5es sexuais (femininas e masculinas), as abordagens psicol\u00f3gicas da terapia sexual, a homossexualidade, as perturba\u00e7\u00f5es da identidade de g\u00e9nero, as parafilias, e a sexualidade na rela\u00e7\u00e3o com a defici\u00eancia e a doen\u00e7a.<br \/>\nNo Pref\u00e1cio, Francisco Allen Gomes faz uma \u201cpequena viagem\u2018 atrav\u00e9s do s\u00e9culo XX\u201d, salientando os factos mais significativos deste per\u00edodo \u201ccontradit\u00f3rio da nossa hist\u00f3ria\u201d, \u201cque come\u00e7ou com as ligas de virtude e legisla\u00e7\u00e3o antipornogr\u00e1fica e terminou com a globaliza\u00e7\u00e3o da pornografia e do sexo virtual\u201d. Segundo Allen Gomes, as mudan\u00e7as cl\u00ednicas e sociais ocorridas nos \u00faltimos cem anos constitu\u00edram \u201cdesafios excitantes para a sexologia\u201d. Na introdu\u00e7\u00e3o deste mesmo volume, tamb\u00e9m Afonso de Albuquerque d\u00e1 conta da \u201ccrescente din\u00e2mica do panorama cient\u00edfico, acad\u00e9mico e profissional da sexologia portuguesa\u201d \u00e0 \u00e9poca.<\/p>\n<p><span style=\"font-size: 10px;\"><strong>\u00cdNDICE VOLUME 1<\/strong><\/span><\/p>\n<p><span style=\"font-size: 10px;\"><em>Introdu\u00e7\u00e3o<\/em>, de Afonso Albuquerque<\/span><br \/>\n<span style=\"font-size: 10px;\"><em>As coordenadas gerais da sexologia<\/em>, de J\u00falio Silveira Nunes<\/span><br \/>\n<span style=\"font-size: 10px;\"><em>Avalia\u00e7\u00e3o psicol\u00f3gica das disfun\u00e7\u00f5es sexuais<\/em>, de Ant\u00f3nio Pacheco Palha<\/span><br \/>\n<span style=\"font-size: 10px;\"><em>Disfun\u00e7\u00f5es sexuais femininas<\/em>, de Catarina Soares<\/span><br \/>\n<span style=\"font-size: 10px;\"><em>Anatomia e fisiologia feminina (revis\u00e3o e atualiza\u00e7\u00e3o)<\/em>, de Santinho Martins<\/span><br \/>\n<span style=\"font-size: 10px;\"><em>Vaginismo e dispareunia<\/em>, de Gra\u00e7a Santos<\/span><br \/>\n<span style=\"font-size: 10px;\"><em>A intimidade sexual na intimidade conjugal,<\/em> de Ros\u00e1rio Gomes<\/span><br \/>\n<span style=\"font-size: 10px;\"><em>Disfun\u00e7\u00f5es sexuais masculinas &#8211; defini\u00e7\u00e3o, classifica\u00e7\u00e3o e incid\u00eancia<\/em>, de Alexandre \u00c1lvaro Moreira<\/span><br \/>\n<span style=\"font-size: 10px;\"><em>Altera\u00e7\u00f5es do desejo sexual masculino<\/em>, de Santinho Martins<\/span><br \/>\n<span style=\"font-size: 10px;\"><em>Neurofisiologia da ere\u00e7\u00e3o<\/em>, de J. La Fuente de Carvalho<\/span><br \/>\n<span style=\"font-size: 10px;\"><em>Abordagem cl\u00ednica da disfun\u00e7\u00e3o er\u00e9ctil<\/em>, de Ant\u00f3nio Requixa e Francisco Rolo<\/span><br \/>\n<span style=\"font-size: 10px;\"><em>Terap\u00eautica da disfun\u00e7\u00e3o er\u00e9ctil<\/em>, de Pedro Vendeira<\/span><br \/>\n<span style=\"font-size: 10px;\"><em>Aspetos biopsicossociais da disfun\u00e7\u00e3o er\u00e9ctil: A claudica\u00e7\u00e3o do sistema pessoa<\/em>, de M\u00e1rio Louren\u00e7o<\/span><br \/>\n<span style=\"font-size: 10px;\"><em>Disfun\u00e7\u00e3o ejaculat\u00f3ria<\/em>, de Nuno Monteiro Pereira e Ros\u00e1rio Gomes<\/span><br \/>\n<span style=\"font-size: 10px;\"><em>Perturba\u00e7\u00f5es do orgasmo masculino<\/em>, de Jos\u00e9 Neves e Gilberto Rosa<\/span><br \/>\n<span style=\"font-size: 10px;\"><em>Andropausa<\/em>, de Adriano Pimenta<\/span><br \/>\n<span style=\"font-size: 10px;\"><em>As terapias sexuais \u2013 novos desenvolvimentos das abordagens psicol\u00f3gicas<\/em>, de Ligia Fonseca, Margarida, Figueiredo e Pedro Nobre<\/span><br \/>\n<span style=\"font-size: 10px;\"><em>A Homossexualidade<\/em>, de Afonso Albuquerque<\/span><br \/>\n<span style=\"font-size: 10px;\"><em>Perturba\u00e7\u00f5es de Identidade de G\u00e9nero<\/em>, de J\u00falio Silveira Nunes<\/span><br \/>\n<span style=\"font-size: 10px;\"><em>Parafilias<\/em>, de Francisco Allen Gomes<\/span><br \/>\n<span style=\"font-size: 10px;\"><em>Sexualidade e Defici\u00eancia<\/em> &#8211; Sexualidade e defici\u00eancia mental, de Ana Allen Gomes e Paula Castilho<\/span><br \/>\n<span style=\"font-size: 10px;\"><em>Sexualidade e defici\u00eancia f\u00edsica<\/em>, de Jorge Cardoso<\/span><br \/>\n<span style=\"font-size: 10px;\"><em>Sexualidade e doen\u00e7a<\/em>, de Paulo Abrantes<\/span>[\/vc_column_text][\/vc_column][\/vc_row][vc_row][vc_column][vc_separator][\/vc_column][\/vc_row][vc_row][vc_column width=&#8221;1\/2&#8243;][vc_single_image image=&#8221;9082&#8243; img_size=&#8221;full&#8221;][\/vc_column][vc_column width=&#8221;1\/2&#8243;][vc_column_text]No volume 2 desta obra da Sociedade Portuguesa de Sexologia Cl\u00ednica, reflete-se acerca da sexualidade, segundo os prismas da hist\u00f3ria, da religi\u00e3o, da antropologia, da sociologia e da justi\u00e7a. S\u00e3o abordadas tem\u00e1ticas como os feminismos, os contextos minorit\u00e1rios da sexualidade, a educa\u00e7\u00e3o sexual, a viol\u00eancia sexual (viol\u00eancia dom\u00e9stica, viola\u00e7\u00e3o e abuso de menores), as novas tecnologia de esteriliza\u00e7\u00e3o, as Infe\u00e7\u00f5es Sexualmente Transmiss\u00edveis, a toxicodepend\u00eancia e a cibersexualidade.<\/p>\n<p>J\u00falio Silveira Nunes chama a aten\u00e7\u00e3o na introdu\u00e7\u00e3o do segundo volume para uma mudan\u00e7a nas preocupa\u00e7\u00f5es dominantes dos sexologistas. Nos anos 1980, altura em que a primeira edi\u00e7\u00e3o de <em>Sexologia em Portugal<\/em> fora editada, os sexologistas cl\u00ednicos estavam centrados na aquisi\u00e7\u00e3o das t\u00e9cnicas de Masters e Johnson (e nas \u201culteriores modifica\u00e7\u00f5es\u201d de Kaplan), \u201cacentuando, assim, a t\u00f3nica da terapia sexual como a bandeira da sexologia de ent\u00e3o\u201d. No in\u00edcio do s\u00e9culo XXI, altura em que se lan\u00e7a <em>A Sexologia \u2013 Perspectiva Multidisciplinar<\/em>, revalorizam-se os \u201cfactores org\u00e2nicos\u201d, acentuam-se vis\u00f5es mais androl\u00f3gicas ou ginecol\u00f3gicas, e \u201ca efic\u00e1cia de algumas terap\u00eauticas m\u00e9dicas\u201d faz entrar a ind\u00fastria farmac\u00eautica no campo terap\u00eautico.<\/p>\n<p>&nbsp;<\/p>\n<p><span style=\"font-size: 10px;\"><strong>\u00cdNDICE VOLUME 2<\/strong><\/span><\/p>\n<p><span style=\"font-size: 10px;\"><em>Introdu\u00e7\u00e3o<\/em>, de Silveira Nunes<\/span><br \/>\n<span style=\"font-size: 10px;\"><em>Sexualidade e Hist\u00f3ria<\/em>, de J\u00falio Machado Vaz<\/span><br \/>\n<span style=\"font-size: 10px;\"><em>Sexualidade e religi\u00e3o<\/em>, de J\u00falio Pacheco<\/span><br \/>\n<span style=\"font-size: 10px;\"><em>Antropologia e Sexualidade &#8211; Consensos e conflitos te\u00f3ricos em perspetiva hist\u00f3rica<\/em>, de Miguel Vale de Almeida<\/span><br \/>\n<span style=\"font-size: 10px;\"><em>Feminismos ou o Aparecimento de (um) \u201csujeito\u201d Feminino?<\/em>, de Teresa Joaquim<\/span><br \/>\n<span style=\"font-size: 10px;\"><em>Ess\u00eancias e diferen\u00e7as: Minorias sexuais ou sexualidades (im)poss\u00edveis<\/em>, de Gabriela Moita<\/span><br \/>\n<span style=\"font-size: 10px;\"><em>Sexualidade e construcionismo social: a prop\u00f3sito dos <\/em>scripts<em> sexuai<\/em>s, de Manuel Jo\u00e3o Quartilho<\/span><br \/>\n<span style=\"font-size: 10px;\"><em>Quest\u00f5es atuais sobre a educa\u00e7\u00e3o sexual num contexto de mudan\u00e7a<\/em>, de Duarte Vilar<\/span><br \/>\n<span style=\"font-size: 10px;\"><em>Sexualidade e lei: a liberdade sexual e os seus limites<\/em>, de Teresa Pizarro Beleza<\/span><br \/>\n<span style=\"font-size: 10px;\"><em>A Viol\u00eancia Sexual &#8211; Introdu\u00e7\u00e3o<\/em>, de Jo\u00e3o Amilcar Teixeira<\/span><br \/>\n<span style=\"font-size: 10px;\"><em>De que falamos quando falamos de viol\u00eancia dom\u00e9stica<\/em>?, de Silvia Portugal<\/span><br \/>\n<span style=\"font-size: 10px;\"><em>V\u00edtimas de viola\u00e7\u00e3o,<\/em> de Laura Bettencourt, de Abuso sexual de menores, de Filomena Freitas<\/span><br \/>\n<span style=\"font-size: 10px;\"><em>Esterilidade: Novas tecnologias<\/em>, de Isabel Torgal<\/span><br \/>\n<span style=\"font-size: 10px;\"><em>Sexualidade e infe\u00e7\u00f5es sexualmente transmitidas (IST\u2019s),<\/em> de Vitor Pombo<\/span><br \/>\n<span style=\"font-size: 10px;\"><em>Toxicodepend\u00eancias e sexualidade<\/em>, de Paulo Lorga<\/span><br \/>\n<span style=\"font-size: 10px;\"><em>Cibersexo em Portugal,<\/em> de Ana Alexandra Carvalheira<\/span>[\/vc_column_text][\/vc_column][\/vc_row]<\/p>\n<\/div>","protected":false},"excerpt":{"rendered":"<p>[vc_row][vc_column width=&#8221;1\/2&#8243;][vc_single_image image=&#8221;9081&#8243; img_size=&#8221;full&#8221;][\/vc_column][vc_column width=&#8221;1\/2&#8243;][vc_column_text]A Sociedade Portuguesa de Sexologia Cl\u00ednica publicou no ano de 2003, a obra A Sexologia \u2013 Perspectiva Multidisciplinar, dois volumes coordenados por L\u00edgia Fonseca, Catarina Soares e J\u00falio Machado Vaz, que renovam a inten\u00e7\u00e3o da primeira edi\u00e7\u00e3o de Sexologia em Portugal, ou seja, a de pensar a sexualidade na sua dimens\u00e3o [&hellip;]<\/p>\n","protected":false},"author":500,"featured_media":0,"parent":0,"menu_order":0,"comment_status":"closed","ping_status":"closed","template":"","meta":{"footnotes":""},"class_list":["post-5082","page","type-page","status-publish","hentry"],"_links":{"self":[{"href":"https:\/\/spsc.pt\/index.php\/wp-json\/wp\/v2\/pages\/5082","targetHints":{"allow":["GET"]}}],"collection":[{"href":"https:\/\/spsc.pt\/index.php\/wp-json\/wp\/v2\/pages"}],"about":[{"href":"https:\/\/spsc.pt\/index.php\/wp-json\/wp\/v2\/types\/page"}],"author":[{"embeddable":true,"href":"https:\/\/spsc.pt\/index.php\/wp-json\/wp\/v2\/users\/500"}],"replies":[{"embeddable":true,"href":"https:\/\/spsc.pt\/index.php\/wp-json\/wp\/v2\/comments?post=5082"}],"version-history":[{"count":19,"href":"https:\/\/spsc.pt\/index.php\/wp-json\/wp\/v2\/pages\/5082\/revisions"}],"predecessor-version":[{"id":9086,"href":"https:\/\/spsc.pt\/index.php\/wp-json\/wp\/v2\/pages\/5082\/revisions\/9086"}],"wp:attachment":[{"href":"https:\/\/spsc.pt\/index.php\/wp-json\/wp\/v2\/media?parent=5082"}],"curies":[{"name":"wp","href":"https:\/\/api.w.org\/{rel}","templated":true}]}}